s digit of c?
1
Let x be (-3)/(-9) + 474/(-18). Let d = -25 - x. Let f(y) = 196*y**2 - 4*y + 1. What is the units digit of f(d)?
3
What is the units digit of 1/(-3 - (-140)/49) - -15540?
3
Let i(v) be the third derivative of 79*v**5/60 - v**4/24 + v**3/3 + 2*v**2. Suppose -18*k + 9*k + 9 = 0. What is the units digit of i(k)?
0
Let t(v) = -2*v**3 + 23*v**2 - 35*v + 17. What is the tens digit of t(8)?
8
Let h(q) = 4*q**3 + 415*q**2 - 150*q - 118. What is the units digit of h(-104)?
6
Let x = 6 - 10. Let y = x + 9. Suppose y*f = d - 11 - 35, 0 = -4*d + 5*f + 229. What is the tens digit of d?
6
Suppose 3*i - 4 = 26. Suppose 6*f - 12 = i*f. What is the tens digit of 318/(-9)*f/2?
5
Suppose -76669 - 7631 = 50*w. Let n = -1012 - w. What is the units digit of n?
4
Let a be (92/(-12))/(8/(-24)). Let r(t) = 10*t + 77. What is the hundreds digit of r(a)?
3
Let d be -1*(10/(-1) + 0). Suppose -4*c + 6 = 3*y - d, -5*c + 14 = 3*y. Suppose y*h + 4*h = 2340. What is the tens digit of h?
9
Let p = 13 + -7. Let o be 4/38 + (-967)/(-19). Suppose -5*b = -o + p. What is the units digit of b?
9
Suppose 3*w - 271 = 1289. What is the units digit of w/(-910) + (-1)/((-14)/11544)?
4
Let l(n) = 13*n**3 - n**2 + 4*n**2 - 3 + 8*n**3 + 2*n. What is the units digit of l(2)?
1
Let g(b) = 4*b - 9. Let r be g(9). Let z be -3*(-3)/(r/15). Suppose 0 = -5*q - z*s + 65, 5*s - 9 + 0 = -q. What is the units digit of q?
4
Let a = 47 - 47. Suppose a = -2*x + 13 - 7. Suppose 0 = -x*c + 4*c - 8. What is the units digit of c?
8
Suppose 0 = -3*b - 81*n + 83*n + 12939, 2*n = -3*b + 12951. What is the units digit of b?
5
Let c = 996 + -691. Let p = 731 - c. What is the units digit of p?
6
Suppose -4*j - 4*h + 40556 = 0, -2*j - 8*h = -11*h - 20238. What is the tens digit of j?
3
Let q(i) = 32*i**2 + 10*i - 9. Let j(d) = 31*d**2 + 10*d - 9. Let w(o) = 4*j(o) - 3*q(o). What is the units digit of w(4)?
9
Let o(b) = 4*b**3 + 15*b**2 + 4*b + 317. What is the units digit of o(14)?
9
Suppose 4*w + 43 = a, -w + a = 4*a + 27. Let t = w + 40. What is the units digit of t?
8
Let r(y) = -5*y**2 - 141*y - 8. Let j be r(-28). What is the units digit of 132/440 - (-10574)/j?
9
Let t be 4*((-2)/5 - (-63)/(-30)). Let g = 12 + t. Suppose g*f = 4*n + 3*f - 219, -9 = -3*f. What is the units digit of n?
4
Let o be -3*(-8)/(-30) - 399/95. Let k(c) = 47*c**2 + c + 5. What is the thousands digit of k(o)?
1
Let g = -1019 - -725. Let z = g + 519. What is the hundreds digit of z?
2
Let u = -136 - -307. Suppose 5*t = -0*g - g - 57, -2*t - u = 3*g. What is the units digit of 5 - (2 - -3) - g?
7
Let k = -76 - -24. Let m be (-1932)/(-22) - (1260/(-154) - -8). Let v = m + k. What is the tens digit of v?
3
What is the thousands digit of ((-3)/(15/(-110)))/(44/11990)?
5
Suppose -2*c + 6*c + 132 = 0. Let r = c - -70. Let m = 49 + r. What is the tens digit of m?
8
Suppose 8144 + 2240 = 16*n. Let d = -213 + n. What is the tens digit of d?
3
Suppose 2*m + 4*z - 4919 - 29511 = 0, 4*m = 4*z + 68860. What is the tens digit of m?
1
Let z be 147/(5 + (-372)/75). Let m = z - 2465. What is the units digit of m?
0
Let d(o) = -200*o**3 + 3*o**2 + 5*o - 3. Let c(b) = 2*b - 1. Let m(n) = 4*c(n) - d(n). What is the hundreds digit of m(1)?
1
Suppose 0 = 11*v - 0*v - 264. What is the units digit of v/84 - 235/(-35)?
7
Let i be -2 - -6 - (2 + -8). Suppose i*w + 128 - 4938 = 0. What is the units digit of w?
1
Let u = 13783 - 6765. What is the hundreds digit of u?
0
Let q(p) = -p**2 + 1. Let k(d) = -7*d**2 - 17*d. Let i(l) = -k(l) - 6*q(l). What is the units digit of i(6)?
4
Suppose 4*r = 3*w - 11, 22 = 4*w + 5*r - 3. Suppose 3*f + w*k - 756 = k, -3*f - 3*k = -759. What is the tens digit of f?
5
Let j be -5 + (5 - -5) + 17. Suppose 4281 = j*a + 13. What is the units digit of a?
4
Let l(n) = -18*n + 5. Let a be l(-1). Suppose 4*u + 0*u + 1 = h, 2*u = 5*h - a. Suppose 0 = -5*o - 4*t + 150, o - h*o + 5*t = -79. What is the tens digit of o?
2
Suppose 0 = -j + 4*j - 6. Let o be ((-9)/12*j - -3)*2. Suppose -2*p + 205 = -5*h + 22, -2*p = o*h - 175. What is the tens digit of p?
8
Suppose -1330 - 1430 = 4*i. Let o = i - -1000. What is the tens digit of o?
1
What is the tens digit of (1 + -2 + 7)*7/((-189)/(-41751))?
7
Let m(o) = -8*o + 22. Let s be m(2). Let l(d) = -4*d**3 + 4*d**2 + 4*d. Let j be l(s). What is the hundreds digit of 141 - (j/180 + 2/(-15))?
1
Let g = -628 + 620. What is the tens digit of (-1378)/g - 18/(-24)?
7
Suppose -277*n + 470881 = -13288338 - 910147. What is the hundreds digit of n?
9
Suppose 6*n = 2*n - 3*f + 121844, -30461 = -n - 4*f. What is the ten thousands digit of n?
3
Let x(k) = k + 9. Let i = -63 - -59. Let o be x(i). Suppose 0 = -9*y + o*y + 168. What is the tens digit of y?
4
Suppose -6*r = -4*r - 104. Suppose -26 - 2 = 5*h - 2*x, -5*h = x + 16. What is the units digit of h/26 - (-1256)/r?
4
Let m = -329 - -339. Suppose 12037 = m*t + 4687. What is the hundreds digit of t?
7
Let v(s) = 2*s**2 + 3*s + 3*s + 9 - s + 2*s**2. What is the units digit of v(8)?
5
Let g(r) = -140*r + 3860. What is the tens digit of g(-70)?
6
What is the units digit of 117210/25 + -4 - (-28)/(-70)?
4
Let v be (124/2)/(10/95*-1). Let r = v + 1540. What is the units digit of r?
1
Suppose 84*y + g = 85*y - 26527, -y - g + 26529 = 0. What is the ten thousands digit of y?
2
Let g = -36 - -57. Suppose 0 = g*y - 17562 + 2253. What is the units digit of y?
9
Let i be 5/3 + -2 + (-524)/(-6). Suppose -i = -r + 25. Suppose -4*d + r = -2*g, 4*d + 0*g - 104 = 4*g. What is the units digit of d?
0
Suppose 10 = -3*k - 29. Let g(t) = -1 - t**3 + 20*t - 3 + 20 - 11*t**2 - 9. What is the tens digit of g(k)?
8
Let c be (-3)/((-36)/(-51))*(0 + -4). Suppose -c*x = -15*x - 48. Suppose -21*o + x*o = 12. What is the units digit of o?
4
Let r(d) = -20*d + 252. Let k be r(19). What is the tens digit of (-21776)/k + 2 + 2/(-16)?
7
Let y = -3946 - -4353. What is the tens digit of y?
0
Suppose 27 = -a - 5*s - 31, 3*s + 56 = -a. Let t = a - -24. Let c = 70 + t. What is the units digit of c?
1
Let x be 1396 + 2*(-7)/(-7). Let k = x + 136. What is the tens digit of k?
3
Let v = 8255 + -4174. What is the tens digit of v?
8
Let n(o) = 10*o**2 - 18*o - 97. Let l be n(-41). Suppose -4501 = -16*z + l. What is the hundreds digit of z?
3
Suppose -o + 5*o = -84. Let w = -8 - o. Let f = 16 - w. What is the units digit of f?
3
Let u(r) be the first derivative of -r**4/4 + 5*r**3 + 11*r**2 - 36*r - 1. Let j = 3019 - 3003. What is the units digit of u(j)?
0
Let m = 39 + -43. Let y be (-66)/m + (-3)/2. Suppose -y*s + 19*s - 36 = 0. What is the units digit of s?
9
Suppose -c + 4460 = -7261. What is the ten thousands digit of c?
1
Let p(i) = 7*i**3 + 610*i**2 - 121*i + 208. What is the thousands digit of p(-87)?
8
Let f = -2704 - -6983. What is the tens digit of f?
7
Suppose 24*k + 226 = 25*k. Suppose 2*o - 228 = -3*y, -2*o = 2*y - 0*y - k. What is the units digit of o?
1
Suppose -46*z + 67*z - 36*z = -296310. What is the units digit of z?
4
Let f(k) = -k**3 + 6*k**2 + 17*k - 65. Let y be f(7). Suppose 0 = -y*d + 5*j + 5563 - 1928, 2175 = 3*d + 3*j. What is the tens digit of d?
2
Suppose 444*b - 438*b + 12 = 0. What is the hundreds digit of ((-25)/100)/(b/6376)?
7
Let g = 21440 - 20306. What is the hundreds digit of g?
1
What is the ten thousands digit of 18 - (-242645 - 13)/17?
1
Suppose -188 = 23*q + 88. Let o(j) = -21 + 13*j**2 + j**3 - j + 2*j + 0*j. What is the tens digit of o(q)?
1
Let p(y) = -2*y**2 + 5*y - 2. Let k be p(6). Let d = 39 + k. Let m(c) = 2*c**2 - 12*c - 11. What is the units digit of m(d)?
9
Suppose 0 = 3*t + f - 3844, 4*t + 597*f - 595*f = 5130. What is the hundreds digit of t?
2
Suppose -z - 4*b + 247 = 0, 3*z - 3*b - 450 = z. Let a be (77/(-11) - (23 - 1))*-11. Suppose 2*f - z = a. What is the hundreds digit of f?
2
Let p(z) be the first derivative of -25*z**2/2 - 15*z + 19. Let o be p(-7). Suppose -2*c = -0*c - o. What is the tens digit of c?
8
Suppose -3*l + 4*z = -80, -5*l = -0*l - 3*z - 137. Suppose 2*f - l = -0*f. What is the units digit of (-4)/f - (-3100)/70?
4
Suppose 2*j = -k + 36, 0 = 9*k - 4*k + 10. Let u = 14 + -8. What is the units digit of j/57 - (-94)/u?
6
Suppose 0 = -76*l + 172180 - 28236. What is the tens digit of l?
9
Let x(v) = 2*v**3 + 4*v**2 - 2